alculate (-12 - -7 - 0) + (6 - 1) + -6.
-6
Evaluate 5 - (8 + -2 + (2 - 6) + 11).
-8
What is the value of 5 - ((4 - (-5 + 8 + -3)) + 0)?
1
(1 - (0 - (1 - -3))) + -1 - -3
7
Evaluate 2 - (-5 - -1 - -7) - 2.
-3
17 + -28 + 6 + (-1 - -6)
0
-5 + (-12 + 7 - -7 - 10)
-13
What is the value of (1 - -11) + 2 + (-7 - -3)?
10
Calculate (-3 - 1) + (3 - -2) + -1.
0
What is -7 + -4 + -11 + 15?
-7
10 - (-13 + 13) - (1 + -3 + 9)
3
What is the value of 10 - -1 - 6 - -5 - -17?
27
-1 - -2 - (3 + 9 + (-36 - -30))
-5
Calculate 4 + (-10 - (8 + -11) - (8 - 0)).
-11
What is 0 + 31 + -39 + 24?
16
(-1 - -3) + 1 + 3 - (-2 + 0)
8
Calculate 1 - ((-3 - (3 - 7)) + -2).
2
What is (-389 - -373) + -2 + 44?
26
What is -25 - -53 - 32 - (19 + 2)?
-25
Calculate (11 - (20 - -9)) + -17 + 66.
31
What is (0 - -34 - 25) + 1?
10
What is the value of 12 - (-1 - (23 + -19))?
17
Evaluate (7 - -1) + -333 + 317.
-8
Evaluate (59 - 26) + -20 + -14.
-1
Evaluate 1 - (2 + -4) - (-63 + 104 + -59).
21
What is the value of -9 - (-13 + 1 + -5 + 4)?
4
Evaluate (33 - 35) + (10 - 10).
-2
6 - (9 + 6) - (-2 + -1 + -37)
31
-41 - (-54 + 9 + 25)
-21
Calculate 4 - (-2 - (-9 + 16 - 12)).
1
What is the value of -2 - -9 - (11 - -5 - -2)?
-11
Calculate -15 + 0 + (17 + -72 - -48).
-22
Calculate 8 + (27 - 7) + -16.
12
Calculate 5 - (1 + (-1 + -11 - -2)).
14
What is the value of 37 + -21 + 4 - 21?
-1
What is -5 - ((-105 - -105) + 0 + -8 + 1)?
2
11 - 17 - (-76 - -42)
28
What is -1 + 8 - 14 - (-4 - 1)?
-2
Calculate (15 - 41) + 16 + (3 - -1).
-6
What is (13 - -6 - 11) + -7?
1
Calculate -3 + (10 - 6) + (-16 - -27).
12
Evaluate -28 - (-3 - (13 + 10)).
-2
-4 + -1 + 13 + -4 + -22 + 18
0
Evaluate (31 - (-18 + 8 + 6 + 9)) + -2.
24
Evaluate 12 + (16 - -14) - 9.
33
(-4 - (-4 - -1 - -4) - -8) + -9
-6
Calculate -41 + 12 + (-3 - -15) - -9.
-8
What is the value of 19 - (4 + -10 + 7 - -5)?
13
Evaluate 0 + -13 + 15 - -7.
9
-9 - -17 - (25 + -4 + -5)
-8
Calculate -7 - -14 - 9 - 9.
-11
What is the value of 14 + -15 + 2 + 1?
2
(0 - ((7 - 5) + 9)) + 0 + 6
-5
What is -128 - -125 - (-16 - 3)?
16
Calculate 2 + -13 + 3 + (0 - (2 + -38)).
28
Calculate 11 + (4 - -8) + -24.
-1
Evaluate -4 + 35 + -68 + 26.
-11
Evaluate 14 + -1 - ((-13 - (6 - 11)) + 5).
16
Evaluate (-12 + 1 + 14 - 11) + 8.
0
2 + -10 + (-8 - (-10 + 21)) + -8
-35
What is the value of -5 - -2 - ((27 - 27) + 2 + 5)?
-10
What is -5 - (-4 + 5) - (1 - 7 - -6)?
-6
What is the value of 35 + (40 + -38 - 47)?
-10
What is the value of (-199 - -197) + (2 - 7)?
-7
What is -5 - -11 - (-6 - (-4 + 3))?
11
Evaluate (8 - 5 - 6) + (10 - (37 - 21)).
-9
What is 40 - 27 - (1 - 2)?
14
What is -17 + 9 + (-1 - 14 - (81 + -84))?
-20
Calculate (-16 - 4) + 16 + 0 + 13.
9
Calculate 11 - (0 + (-1 + -7 - -10)).
9
Evaluate (3 + (-8 - 1) + -1 - -5) + -5.
-7
What is the value of -12 + (4 - 5) - -31?
18
Calculate -11 + -2 - (6 - (16 + -10) - -1).
-14
Calculate (-2 - (-1 - -2)) + (16 + -36 - -28).
5
Evaluate (-1 - 1) + -13 + 18 - (12 - 12).
3
Evaluate 5 - 16 - -9 - -1.
-1
Evaluate (-4 - (16 - 36)) + -19.
-3
7 + 18 + -15 - 8
2
Evaluate (11 - (59 - 44)) + (-17 - 1).
-22
(35 - 47) + (-6 - -36) - 33
-15
(-7 + 0 - (-13 + 2 + 17)) + -3
-16
-779 + 780 - (-16 + -1)
18
Evaluate -10 + 4 - (35 - 12 - 28).
-1
-31 - (-2 + (-1 - -14) + 799 + -801)
-40
What is (-33 - -25 - (-2 - -6 - 16)) + -9?
-5
Evaluate (11 - (-37 - -59)) + 12.
1
What is the value of 2 - -9 - 13 - 7?
-9
28 + -30 + (4 - (4 + 4)) + 8
2
Evaluate -4 - (-3 + 5) - -5 - (-3 - -2).
0
What is 5 + 12 - (-10 + 29)?
-2
What is 11 - (-41 - (-18 + -9))?
25
7 + (7 - (13 + 4))
-3
Calculate -20 + (-12 - (-8 - 14)) - -3.
-7
Calculate -18 - (22 + -13) - -3.
-24
-2 - 1 - 2 - (-2 + (0 - 7))
4
Calculate 0 - 7 - (-10 - 28 - -16).
15
Calculate -4 - -9 - (-25 + 54).
-24
Evaluate 18 - (2 + 18 + -3).
1
What is -8 - 17 - (-17 - -8) - 5?
-21
Calculate (3 - 13) + 10 + (2 + 0 - 4).
-2
-4 - -8 - (-1 + 6 - (-23 - -33))
9
0 - 5 - -7 - (-16 - (0 + -10))
8
(41 - 14 - 2) + 7 + (1 - 11)
22
What is the value of -2 - -9 - (-18 - -18) - 5?
2
4 - 21 - (17 - 31)
-3
(-24 - (1 + -13)) + 23 + -11
0
What is the value of -2 - (2 + 1) - (-19 + 16 + -2)?
0
3 + -13 + -7 - 1
-18
Calculate (3 - 5) + (-1 - -9) - (14 + -6).
-2
What is the value of -3 + (-19 + 21 - (1 + -2 + -3))?
3
Evaluate -29 + 16 - -4 - -7 - 24.
-26
What is 19 - 7 - (12 + 4)?
-4
What is (2 + 9 - 23) + 14?
2
Evaluate -14 - (-3 + -3 + 4 + -3) - -3.
-6
Evaluate (23 + 109 - 121) + (-1 - -1 - -6).
17
Evaluate 22 + -32 + (0 - 4).
-14
What is 10 + (-22 - -14) - 17?
-15
What is the value of -8 + -17 + 7 + (-2 - -3)?
-17
5 + (-7 - 9 - -15)
4
Calculate (-2 - 5) + (38 - 34) - -4.
1
0 - 1 - ((-14 - 1) + 13 + 3)
-2
What is 0 + 8 + (-5 - 8) - (-6 + 0)?
1
6 + -1 + (-2 - (-17 + 16))
4
What is (2 - -7) + (19 - (1 - -4)) - 0?
23
-6 + -3 + -14 - (-7 + 1)
-17
Calculate -14 - (6 + -1 + 3 + -9) - 7.
-20
-8 + 9 + 18 + (-12 - -16)
23
Evaluate (52 + -53 - (-7 + -4)) + (1 - 3).
8
-3 + (3 - 22) - (161 + -167)
-16
Calculate 2 + (-17 + 35 - (-1 - -6)).
15
What is the value of -10 - (2 + 0 - 14)?
2
-10 - -56 - (-38 - -65)
19
-9 - (-12 - (4 - 4 - 5))
-2
What is -58 - (23 + -103 - -41)?
-19
Evaluate (-16 - (-36 - -22)) + (-6 - 1) + 2.
-7
Calculate 5 + 3 - 4 - (-12 + 1 + 10).
5
What is the value of 7 + 16 + -5 + -4 + 0?
14
What is the value of -13 - (8 - (-4 - (7 + -28)))?
-4
29 - (-9 + 6 - -4 - -9)
19
What is -4 + (-10 - -3) + 4 + 9 + -1?
1
What is -2 - (14 - (10 - (0 - (4 - 6))))?
-8
What is 48 - 36 - 26 - (-29 - 1)?
16
-65 + 69 + -9 - (-1 + -7)
3
What is the value of -14 - (-14 - (-23 - -46))?
23
What is the value of 12 + -53 + 23 + -7 + -9?
-34
Calculate (-1 - -14) + (1517 - 1493).
37
What is the value of 23 + 0 + (44 - 69)?
-2
What is the value of 14 + (-10 - (3 + -5)) + 6 + -1?
11
What is the value of -26 + -4 - (-13 + -21)?
4
What is the value of -9 + 23 - 0 - (3 - (-1 + -2))?
8
What is the value of (81 - 102) + 1 + 5 - 24?
-39
15 - ((-48 - -31) + 5 + 2)
25
14 + (-24 - -2) + 8
0
What is the value of 25 - ((0 - (1 - 6)) + -12 + 5)?
27
8 - (-1 + 9 + (5 - 3)) - 11
-13
What is 0 + 1 + (28 - (-26 - -62))?
-7
What is -44 + 3 - (-110 + 98)?
-29
What is the value of (5 - (4 - 9 - -6)) + 12 + -22?
-6
Calculate 2 + 8 - (9 - -20 - 10).
-9
Calculate 54 + -42 - (16 - -2).
-6
What is the value of (0 - 1) + (-11 + -5 - -7)?
-10
-2 + -2 - (-2 - (-2 + -3))
-7
12 + -2 + 6 + -48 + 12
-20
Evaluate -24 + -14 - -26 - -3.
-9
What is (2 + 0 - -9) + 18 + (-30 - -14)?
13
Evaluate 59 + -55 + (-21 - 0) - -6.
-11
Calculate -12 + 19 + (3 - 11).
-1
3 + 2 + (-17 + 3 - -7) + 9
7
Evaluate -2 + 0 - (39 + -50 + -2 + 18).
-7
What is (0 - 0) + -12 + (-5396 - -5436)?
28
17 + 5 - 46 - -16
-8
What is the value of -3 + (3 - (-5 + -12 + 9))?
8
-17 + (0 - 8) + 2 + -10
-33
What is the value of 5 - ((31 - 2) + -4 - (-2 - -7))?
-15
Evaluate -22 + 32 - 5 - (1 - 1) - 4.
1
-13 - (-17 + (20 - 15))
-1
((2 - -8) + -2 - -7) + -7
8
Calculate 7 + 14 + -33 + 16 + (1 - 8).
-3
(-9 - -8) + (-5 - -12) + 5 - -24
35
Calculate 13 + (7 - (17 - -4)).
-1
What is the value of 1 - -5 - (-97 - -93)?
10
Calculate -9 - ((2 - 0) + (-44 - -22)).
11
What is 10 + 17 + -21 + 10 + -17?
-1
Evaluate (27 - 33) + 15 - 24.
-15
What is the value of -3 - (4 + (18 - 25))?
0
Evaluate 13 + 0 + (1 - 6).
8
What is -32 - -26 - (2 + (-21 - -2) + 3)?
8
Calculate (36 - 60) + 3 + 7.
-14
What is (-21 - (-11 + 1)) + 3?
-8
Evaluate (1 - -24) + (-106 - -80) + 11 + 5.
15
What is 2 + (-24 - -1) - (1 + (15 - 22))?
-15
What is (-12 - -16) + -6 + 13 + 3?
14
Evaluate 3 - (3 - (5 + 6)).
11
Calculate 10 - ((5 - 6) + 2).
9
Evaluate -13 + 21 + -34 + 12.
-14
What is 1 - 40 - (-16 + 38 + -33)?
-28
Calculate 7 + 3 + -18 + -11 + 3.
-16
Evaluate (-4 - 0) + (-3 - 2 - 14) + 9.
-14
Calculate 17 + -8 + 9 + -5 + 6 + -7.
12
What is the value of -5 + 3 + 7 + 4 + -9?
0
Evaluate 8 - ((-14 - -9) + (3 - -10)).
0
What is (-8 - 0 - 1) + 10 + 14?
15
What is (5 - 0 - 18) + 7 - (-10 + -3)?
7
(-9 - ((-26 - 2) + 10)) + -3
6
What is -82 + 45 + (-7 - -9 - -2)?
-33
What is 11 + (8 - 18) + -9?
-8
What is (-4 - (2 + -7 + 5 + 2)) + -1?
-7
-15 + (-3 + 6 - (-5 - (11 + -17)))
-13
What is the value of -1 - (6 - (-3 - 6))?
-16
What is the value of (-10 - 1) + (-443 - -441)?
-13
Evaluate 1 - 20 - -30 - 2.
9
What is 7 - (-20 + (-4 - 0) + 10)?
21
Evaluate 12 + (8 - 15) - 7 - 15.
-17
What is (3 + 19 - 19) + 9?
12